{"id":4444,"date":"2020-07-20T11:42:58","date_gmt":"2020-07-20T09:42:58","guid":{"rendered":"https:\/\/www.citm.upc.edu\/blog\/?page_id=4444"},"modified":"2021-02-03T09:40:10","modified_gmt":"2021-02-03T08:40:10","slug":"edicio-2021","status":"publish","type":"page","link":"https:\/\/www.citm.upc.edu\/blog\/edicio-2021\/?lang=ca","title":{"rendered":"GAME JAM pels ODS"},"content":{"rendered":"<p><img loading=\"lazy\" decoding=\"async\" class=\"alignnone size-large wp-image-5052\" src=\"https:\/\/www.citm.upc.edu\/blog\/wp-content\/uploads\/2021\/01\/cabecera-jam-1024x410.jpg\" alt=\"GAMEJAM ODS\" width=\"1024\" height=\"410\" srcset=\"https:\/\/www.citm.upc.edu\/blog\/wp-content\/uploads\/2021\/01\/cabecera-jam-1024x410.jpg 1024w, https:\/\/www.citm.upc.edu\/blog\/wp-content\/uploads\/2021\/01\/cabecera-jam-300x120.jpg 300w, https:\/\/www.citm.upc.edu\/blog\/wp-content\/uploads\/2021\/01\/cabecera-jam-768x307.jpg 768w, https:\/\/www.citm.upc.edu\/blog\/wp-content\/uploads\/2021\/01\/cabecera-jam.jpg 1250w\" sizes=\"auto, (max-width: 1024px) 100vw, 1024px\" \/><\/p>\n<p>Benvinguts a la <strong>Game Jam pels ODS<\/strong> (Objectius de Desenvolupament Sostenible), organitzada pel Centre de la Imatge i la Tecnologia Multim\u00e8dia (CITM) de la Universitat Polit\u00e8cnica de Catalunya (UPC), un esdeveniment pensat per impulsar el vostre talent i ajudar-vos a construir un futur professional en la ind\u00fastria de l\u2019entreteniment.<\/p>\n<p>Aquesta edici\u00f3, que s\u2019emmarca en el programa d\u2019activitats del 50\u00e8 Aniversari de la UPC, es realitzar\u00e0 els <strong>dies 4 i 5 de febrer<\/strong>, dijous i divendres. A causa de l\u2019actual context sociosanitari, es far\u00e0 en format <strong>en l\u00ednia<\/strong>. El dimecres 10 de febrer, tamb\u00e9 de manera virtual, es far\u00e0 el lliurament de premis.<\/p>\n<h2><span style=\"color: #5fb9fd;\">Qui pot participar:<\/span><\/h2>\n<ul>\n<li>Hi poden participar <strong>estudiants de la UPC del curs acad\u00e8mic 2020-2021<\/strong>, ja sigui de grau com de m\u00e0ster universitari o de t\u00edtol propi.<\/li>\n<li>Els equips participants seran de 4 o 5 persones.<\/li>\n<li>Tamb\u00e9 podreu participar individualment. En aquest cas, l\u2019organitzaci\u00f3 us assignar\u00e0 a un equip participant al comen\u00e7ament de la Game Jam.<\/li>\n<\/ul>\n<h2><span style=\"color: #5fb9fd;\">Inscripci\u00f3 a la Game Jam:<\/span><\/h2>\n<p>1) Cada participant, a t\u00edtol personal, ha d\u2019omplir un formulari d\u2019inscripci\u00f3 (termini tancat).<\/p>\n<p>2) Un cop emplenat, l\u2019organitzaci\u00f3 contactar\u00e0 amb tu i t\u2019enviar\u00e0 un formulari on es recollir\u00e0 tota la informaci\u00f3 sobre el teu equip (de 4 o 5 persones) o, si \u00e9s el cas, sobre la teva participaci\u00f3 individual. Per tal que la inscripci\u00f3 sigui v\u00e0lida s\u2019hi haur\u00e0 d\u2019aportar tota la informaci\u00f3 requerida per a cada participant.<\/p>\n<h2><span style=\"color: #5fb9fd;\">Calendari i horaris:<\/span><\/h2>\n<ul>\n<li><span class=\"VIiyi\" lang=\"ca\"><a href=\"https:\/\/www.citm.upc.edu\/cat\/agenda\/2021\/02\/04\/kick-off-de-la-game-jam-pels-ods\/2590\/\" target=\"_blank\" rel=\"noopener noreferrer\"><em><span class=\"JLqJ4b ChMk0b\" data-language-for-alternatives=\"ca\" data-language-to-translate-into=\"es\" data-phrase-index=\"0\">Kick<\/span> <span class=\"JLqJ4b ChMk0b\" data-language-for-alternatives=\"ca\" data-language-to-translate-into=\"es\" data-phrase-index=\"1\">off<\/span> <\/em><span class=\"JLqJ4b ChMk0b\" data-language-for-alternatives=\"ca\" data-language-to-translate-into=\"es\" data-phrase-index=\"2\">de la Game<\/span> <span class=\"JLqJ4b ChMk0b\" data-language-for-alternatives=\"ca\" data-language-to-translate-into=\"es\" data-phrase-index=\"3\">Jam<\/span> <span class=\"JLqJ4b ChMk0b\" data-language-for-alternatives=\"ca\" data-language-to-translate-into=\"es\" data-phrase-index=\"4\">pels<\/span> <span class=\"JLqJ4b ChMk0b\" data-language-for-alternatives=\"ca\" data-language-to-translate-into=\"es\" data-phrase-index=\"5\">ODS<\/span><span class=\"JLqJ4b ChMk0b\" data-language-for-alternatives=\"ca\" data-language-to-translate-into=\"es\" data-phrase-index=\"6\">:<\/span><\/a> <span class=\"JLqJ4b ChMk0b\" data-language-for-alternatives=\"ca\" data-language-to-translate-into=\"es\" data-phrase-index=\"7\">dijous 4<\/span> <span class=\"JLqJ4b ChMk0b\" data-language-for-alternatives=\"ca\" data-language-to-translate-into=\"es\" data-phrase-index=\"8\">de febrer, a<\/span> <span class=\"JLqJ4b ChMk0b\" data-language-for-alternatives=\"ca\" data-language-to-translate-into=\"es\" data-phrase-index=\"9\">les 9<\/span> <span class=\"JLqJ4b ChMk0b\" data-language-for-alternatives=\"ca\" data-language-to-translate-into=\"es\" data-phrase-index=\"10\">h<\/span><span class=\"JLqJ4b ChMk0b\" data-language-for-alternatives=\"ca\" data-language-to-translate-into=\"es\" data-phrase-index=\"11\">.<\/span> <\/span><\/li>\n<li><span class=\"VIiyi\" lang=\"ca\"><a href=\"https:\/\/www.citm.upc.edu\/cat\/agenda\/2021\/02\/10\/entrega-de-premios-y-acto-de-clausura-de-la-game-jam-por-los-ods\/2591\/\" target=\"_blank\" rel=\"noopener noreferrer\"><span class=\"JLqJ4b ChMk0b\" data-language-for-alternatives=\"ca\" data-language-to-translate-into=\"es\" data-phrase-index=\"13\">Lliurament<\/span> <span class=\"JLqJ4b ChMk0b\" data-language-for-alternatives=\"ca\" data-language-to-translate-into=\"es\" data-phrase-index=\"14\">de premis<\/span> <span class=\"JLqJ4b ChMk0b\" data-language-for-alternatives=\"ca\" data-language-to-translate-into=\"es\" data-phrase-index=\"15\">i<\/span> <span class=\"JLqJ4b ChMk0b\" data-language-for-alternatives=\"ca\" data-language-to-translate-into=\"es\" data-phrase-index=\"16\">acte<\/span> <span class=\"JLqJ4b ChMk0b\" data-language-for-alternatives=\"ca\" data-language-to-translate-into=\"es\" data-phrase-index=\"17\">de cloenda de la<\/span> <span class=\"JLqJ4b ChMk0b\" data-language-for-alternatives=\"ca\" data-language-to-translate-into=\"es\" data-phrase-index=\"18\">Game<\/span> <span class=\"JLqJ4b ChMk0b\" data-language-for-alternatives=\"ca\" data-language-to-translate-into=\"es\" data-phrase-index=\"19\">Jam<\/span> <span class=\"JLqJ4b ChMk0b\" data-language-for-alternatives=\"ca\" data-language-to-translate-into=\"es\" data-phrase-index=\"20\">pels<\/span> <span class=\"JLqJ4b ChMk0b\" data-language-for-alternatives=\"ca\" data-language-to-translate-into=\"es\" data-phrase-index=\"21\">ODS<\/span><\/a><span class=\"JLqJ4b ChMk0b\" data-language-for-alternatives=\"ca\" data-language-to-translate-into=\"es\" data-phrase-index=\"22\">:<\/span> <span class=\"JLqJ4b ChMk0b\" data-language-for-alternatives=\"ca\" data-language-to-translate-into=\"es\" data-phrase-index=\"23\">dimecres 10 de<\/span> <span class=\"JLqJ4b ChMk0b\" data-language-for-alternatives=\"ca\" data-language-to-translate-into=\"es\" data-phrase-index=\"24\">febrer, a<\/span> <span class=\"JLqJ4b ChMk0b\" data-language-for-alternatives=\"ca\" data-language-to-translate-into=\"es\" data-phrase-index=\"25\">les<\/span> <span class=\"JLqJ4b ChMk0b\" data-language-for-alternatives=\"ca\" data-language-to-translate-into=\"es\" data-phrase-index=\"26\">16<\/span> <span class=\"JLqJ4b ChMk0b\" data-language-for-alternatives=\"ca\" data-language-to-translate-into=\"es\" data-phrase-index=\"27\">h<\/span><span class=\"JLqJ4b ChMk0b\" data-language-for-alternatives=\"ca\" data-language-to-translate-into=\"es\" data-phrase-index=\"28\">.<\/span><\/span><\/li>\n<\/ul>\n<h2><span style=\"color: #5fb9fd;\">Premis:<\/span><\/h2>\n<ul>\n<li><strong>Millor Joc:<\/strong> Cada participant de l\u2019equip guanyador rebr\u00e0 una targeta per a la plataforma Steam per valor de 50 \u20ac.<\/li>\n<li><strong>Millor Art:<\/strong> Cada participant de l\u2019equip guanyador rebr\u00e0 una targeta per a la plataforma Steam per valor de 50 \u20ac.<\/li>\n<li><strong>Millor Tecnologia:<\/strong> Diploma acreditatiu.<\/li>\n<li><strong>Millor Joc per Votaci\u00f3 Popular:<\/strong> Diploma acreditatiu.<\/li>\n<\/ul>\n<p>Abans de l\u2019inici de la Game Jam rebreu informaci\u00f3, per part dels organitzadors, especificant els detalls del <em>kick-off.<\/em><\/p>\n<p>Tamb\u00e9 podeu trobar tota la informaci\u00f3, premis, horaris, etc. a les <a title=\"Bases de la Game Jam pels ODS\" href=\"https:\/\/www.citm.upc.edu\/blog\/wp-content\/uploads\/2021\/02\/BasesGameJamODS_cat.pdf\" target=\"_blank\" rel=\"nofollow noopener noreferrer\">Bases de la Game Jam pels ODS<\/a>.<\/p>\n<p>Us hi esperem!<\/p>\n","protected":false},"excerpt":{"rendered":"<p>Benvinguts a la Game Jam pels ODS (Objectius de Desenvolupament Sostenible), organitzada pel Centre de la Imatge i la Tecnologia Multim\u00e8dia (CITM) de la Universitat Polit\u00e8cnica de Catalunya (UPC), un esdeveniment pensat per impulsar el vostre talent i ajudar-vos a construir un futur professional en la ind\u00fastria de l\u2019entreteniment. Aquesta edici\u00f3, que s\u2019emmarca en el &#8230; <a title=\"GAME JAM pels ODS\" class=\"read-more\" href=\"https:\/\/www.citm.upc.edu\/blog\/edicio-2021\/?lang=ca\" aria-label=\"Read more about GAME JAM pels ODS\">Leer m\u00e1s<\/a><\/p>\n","protected":false},"author":1,"featured_media":0,"parent":0,"menu_order":0,"comment_status":"closed","ping_status":"closed","template":"","meta":{"footnotes":""},"class_list":["post-4444","page","type-page","status-publish"],"aioseo_notices":[],"_links":{"self":[{"href":"https:\/\/www.citm.upc.edu\/blog\/wp-json\/wp\/v2\/pages\/4444","targetHints":{"allow":["GET"]}}],"collection":[{"href":"https:\/\/www.citm.upc.edu\/blog\/wp-json\/wp\/v2\/pages"}],"about":[{"href":"https:\/\/www.citm.upc.edu\/blog\/wp-json\/wp\/v2\/types\/page"}],"author":[{"embeddable":true,"href":"https:\/\/www.citm.upc.edu\/blog\/wp-json\/wp\/v2\/users\/1"}],"replies":[{"embeddable":true,"href":"https:\/\/www.citm.upc.edu\/blog\/wp-json\/wp\/v2\/comments?post=4444"}],"version-history":[{"count":23,"href":"https:\/\/www.citm.upc.edu\/blog\/wp-json\/wp\/v2\/pages\/4444\/revisions"}],"predecessor-version":[{"id":5103,"href":"https:\/\/www.citm.upc.edu\/blog\/wp-json\/wp\/v2\/pages\/4444\/revisions\/5103"}],"wp:attachment":[{"href":"https:\/\/www.citm.upc.edu\/blog\/wp-json\/wp\/v2\/media?parent=4444"}],"curies":[{"name":"wp","href":"https:\/\/api.w.org\/{rel}","templated":true}]}}