{"id":4454,"date":"2020-07-20T11:44:59","date_gmt":"2020-07-20T09:44:59","guid":{"rendered":"https:\/\/www.citm.upc.edu\/blog\/?page_id=4454"},"modified":"2022-03-15T09:23:00","modified_gmt":"2022-03-15T08:23:00","slug":"presentacion","status":"publish","type":"page","link":"https:\/\/www.citm.upc.edu\/blog\/presentacion\/","title":{"rendered":"PRESENTACI\u00d3N"},"content":{"rendered":"<p>La CITM Game Jam es una <em>hackaton<\/em> de videojuegos organizada por los estudiantes del Centro y dirigida a todos sus alumnos. Los participantes se organizan en equipos multidisciplinares de 4 \u00f3 5 personas (programadores, dise\u00f1adores, artistas) para competir en el desarrollo de un videojuego en 48 horas en las instalaciones del edificio TR12 de Terrassa, sede del CITM.<\/p>\n<p>La iniciativa comenz\u00f3 en enero de 2019 y desde entonces ya se han celebrado 5 ediciones, con una regularidad bianual y con gran \u00e9xito de participaci\u00f3n e implicaci\u00f3n tanto del alumnado como del profesorado.<\/p>\n<p>Los CITM Game Jam cuentan con 4 premios:<\/p>\n<ul>\n<li>Mejor Juego<\/li>\n<li>Mejor Arte<\/li>\n<li>Mejor Tecnolog\u00eda<\/li>\n<li>Premio de la Votaci\u00f3n Popular<\/li>\n<\/ul>\n<p>Un jurado formado por 3 profesores del Centro decide en cada edici\u00f3n cu\u00e1les son los proyectos premiados.<\/p>\n<p><a data-flickr-embed='true' href='https:\/\/www.flickr.com\/photos\/citmupc\/albums\/72157712780898672' title='3\u00aa ed. Gran CITM Game Jam - 2020 by CITM_UPC, on Flickr'><img src='https:\/\/live.staticflickr.com\/65535\/49424117742_b3be64ca21_b.jpg' width='800' height='600' alt='gran citm game jam'><\/a><script async src='https:\/\/embedr.flickr.com\/assets\/client-code.js' charset='utf-8'><\/script><\/p>\n<h2><span style=\"color: #5fb9fd;\">Noticias relacionadas:<\/span><\/h2>\n<div class=\"pt-cv-wrapper\"><div class=\"pt-cv-view pt-cv-grid pt-cv-colsys\" id=\"pt-cv-view-8f0de6f7lh\"><div data-id=\"pt-cv-page-1\" class=\"pt-cv-page\" data-cvc=\"2\"><div class=\"col-md-6 col-sm-6 col-xs-12 pt-cv-content-item pt-cv-1-col\" ><div class='pt-cv-ifield'><a href=\"https:\/\/www.citm.upc.edu\/blog\/llega-la-8a-gran-citm-game-jam-10-anos-creando-videojuegos-en-la-upc\/\" class=\"_blank pt-cv-href-thumbnail pt-cv-thumb-default\" target=\"_blank\" ><img loading=\"lazy\" decoding=\"async\" width=\"400\" height=\"270\" src=\"https:\/\/www.citm.upc.edu\/blog\/wp-content\/uploads\/2024\/12\/CITM_GameJam-400x270.jpeg\" class=\"pt-cv-thumbnail\" alt=\"\" \/><\/a>\n<h4 class=\"pt-cv-title\"><a href=\"https:\/\/www.citm.upc.edu\/blog\/llega-la-8a-gran-citm-game-jam-10-anos-creando-videojuegos-en-la-upc\/\" class=\"_blank\" target=\"_blank\" >Llega la 8\u00aa Gran CITM Game Jam: \u00a110 a\u00f1os creando videojuegos en la UPC!<\/a><\/h4>\n<div class=\"pt-cv-content\">La 8\u00aa Gran CITM Game Jam, organizada por la Delegaci\u00f3n de Estudiantes del CITM, ser\u00e1 una edici\u00f3n muy especial para ...<br \/><div class=\"pt-cv-rmwrap\"><a href=\"https:\/\/www.citm.upc.edu\/blog\/llega-la-8a-gran-citm-game-jam-10-anos-creando-videojuegos-en-la-upc\/\" class=\"_blank pt-cv-readmore btn btn-success\" target=\"_blank\">Read More<\/a><\/div><\/div><\/div><\/div>\n<div class=\"col-md-6 col-sm-6 col-xs-12 pt-cv-content-item pt-cv-1-col\" ><div class='pt-cv-ifield'><a href=\"https:\/\/www.citm.upc.edu\/blog\/gran-exito-de-la-7a-gran-citm-game-jam\/\" class=\"_blank pt-cv-href-thumbnail pt-cv-thumb-default\" target=\"_blank\" ><img loading=\"lazy\" decoding=\"async\" width=\"400\" height=\"270\" src=\"https:\/\/www.citm.upc.edu\/blog\/wp-content\/uploads\/2024\/03\/7GameJam-400x270.jpg\" class=\"pt-cv-thumbnail\" alt=\"\" \/><\/a>\n<h4 class=\"pt-cv-title\"><a href=\"https:\/\/www.citm.upc.edu\/blog\/gran-exito-de-la-7a-gran-citm-game-jam\/\" class=\"_blank\" target=\"_blank\" >Ganadores de la 7\u00aa Gran CITM Game Jam<\/a><\/h4>\n<div class=\"pt-cv-content\">La 7\u00aa edici\u00f3n de la CITM Game Jam ha sido de nuevo todo un \u00e9xito, tanto de participaci\u00f3n como de ...<br \/><div class=\"pt-cv-rmwrap\"><a href=\"https:\/\/www.citm.upc.edu\/blog\/gran-exito-de-la-7a-gran-citm-game-jam\/\" class=\"_blank pt-cv-readmore btn btn-success\" target=\"_blank\">Read More<\/a><\/div><\/div><\/div><\/div>\n<div class=\"col-md-6 col-sm-6 col-xs-12 pt-cv-content-item pt-cv-1-col\" ><div class='pt-cv-ifield'><a href=\"https:\/\/www.citm.upc.edu\/blog\/ganadores-de-la-6a-gran-citm-game-jam\/\" class=\"_blank pt-cv-href-thumbnail pt-cv-thumb-default\" target=\"_blank\" ><img loading=\"lazy\" decoding=\"async\" width=\"400\" height=\"270\" src=\"https:\/\/www.citm.upc.edu\/blog\/wp-content\/uploads\/2023\/07\/CITM_6GameJam-400x270.jpg\" class=\"pt-cv-thumbnail\" alt=\"\" \/><\/a>\n<h4 class=\"pt-cv-title\"><a href=\"https:\/\/www.citm.upc.edu\/blog\/ganadores-de-la-6a-gran-citm-game-jam\/\" class=\"_blank\" target=\"_blank\" >Ganadores de la 6\u00aa Gran CITM Game Jam<\/a><\/h4>\n<div class=\"pt-cv-content\">La 6\u00aa edici\u00f3n de la CITM Game Jam ha sido de nuevo todo un \u00e9xito, tanto de participaci\u00f3n como de ...<br \/><div class=\"pt-cv-rmwrap\"><a href=\"https:\/\/www.citm.upc.edu\/blog\/ganadores-de-la-6a-gran-citm-game-jam\/\" class=\"_blank pt-cv-readmore btn btn-success\" target=\"_blank\">Read More<\/a><\/div><\/div><\/div><\/div>\n<div class=\"col-md-6 col-sm-6 col-xs-12 pt-cv-content-item pt-cv-1-col\" ><div class='pt-cv-ifield'><a href=\"https:\/\/www.citm.upc.edu\/blog\/ganadores-de-la-5a-gran-citm-game-jam\/\" class=\"_blank pt-cv-href-thumbnail pt-cv-thumb-default\" target=\"_blank\" ><img loading=\"lazy\" decoding=\"async\" width=\"400\" height=\"270\" src=\"https:\/\/www.citm.upc.edu\/blog\/wp-content\/uploads\/2022\/02\/GameJam-400x270.jpg\" class=\"pt-cv-thumbnail\" alt=\"\" \/><\/a>\n<h4 class=\"pt-cv-title\"><a href=\"https:\/\/www.citm.upc.edu\/blog\/ganadores-de-la-5a-gran-citm-game-jam\/\" class=\"_blank\" target=\"_blank\" >Ganadores de la 5\u00aa Gran CITM Game Jam<\/a><\/h4>\n<div class=\"pt-cv-content\">La 5\u00aa edici\u00f3n de la CITM Game Jam, celebrada en modalidad virtual entre los d\u00edas 2 y 6 de febrero, ...<br \/><div class=\"pt-cv-rmwrap\"><a href=\"https:\/\/www.citm.upc.edu\/blog\/ganadores-de-la-5a-gran-citm-game-jam\/\" class=\"_blank pt-cv-readmore btn btn-success\" target=\"_blank\">Read More<\/a><\/div><\/div><\/div><\/div>\n<div class=\"col-md-6 col-sm-6 col-xs-12 pt-cv-content-item pt-cv-1-col\" ><div class='pt-cv-ifield'><a href=\"https:\/\/www.citm.upc.edu\/blog\/participa-en-la-5a-gran-citm-game-jam-2\/\" class=\"_blank pt-cv-href-thumbnail pt-cv-thumb-default\" target=\"_blank\" ><img loading=\"lazy\" decoding=\"async\" width=\"400\" height=\"270\" src=\"https:\/\/www.citm.upc.edu\/blog\/wp-content\/uploads\/2022\/01\/477_game_jam-400x270.jpg\" class=\"pt-cv-thumbnail\" alt=\"\" \/><\/a>\n<h4 class=\"pt-cv-title\"><a href=\"https:\/\/www.citm.upc.edu\/blog\/participa-en-la-5a-gran-citm-game-jam-2\/\" class=\"_blank\" target=\"_blank\" >\u00a1Participa en la 5\u00aa Gran CITM Game Jam!<\/a><\/h4>\n<div class=\"pt-cv-content\">Entre los d\u00edas 2 y 6 de febrero se realizar\u00e1 una nueva edici\u00f3n de la Gran CITM Game Jam, una ...<br \/><div class=\"pt-cv-rmwrap\"><a href=\"https:\/\/www.citm.upc.edu\/blog\/participa-en-la-5a-gran-citm-game-jam-2\/\" class=\"_blank pt-cv-readmore btn btn-success\" target=\"_blank\">Read More<\/a><\/div><\/div><\/div><\/div>\n<div class=\"col-md-6 col-sm-6 col-xs-12 pt-cv-content-item pt-cv-1-col\" ><div class='pt-cv-ifield'><a href=\"https:\/\/www.citm.upc.edu\/blog\/gran-exito-de-la-game-jam-por-los-ods-en-el-marco-del-50-aniversario-de-la-upc\/\" class=\"_blank pt-cv-href-thumbnail pt-cv-thumb-default\" target=\"_blank\" ><img loading=\"lazy\" decoding=\"async\" width=\"400\" height=\"270\" src=\"https:\/\/www.citm.upc.edu\/blog\/wp-content\/uploads\/2021\/02\/Guanyadors_ODS_esp-400x270.png\" class=\"pt-cv-thumbnail\" alt=\"\" \/><\/a>\n<h4 class=\"pt-cv-title\"><a href=\"https:\/\/www.citm.upc.edu\/blog\/gran-exito-de-la-game-jam-por-los-ods-en-el-marco-del-50-aniversario-de-la-upc\/\" class=\"_blank\" target=\"_blank\" >Gran \u00e9xito de la Game Jam por los ODS, en el marco del 50 aniversario de la UPC<\/a><\/h4>\n<div class=\"pt-cv-content\">La 4\u00aa edici\u00f3n de la CITM Game Jam, este a\u00f1o Game Jam por los ODS (Objetivos de Desarrollo Sostenible), ha ...<br \/><div class=\"pt-cv-rmwrap\"><a href=\"https:\/\/www.citm.upc.edu\/blog\/gran-exito-de-la-game-jam-por-los-ods-en-el-marco-del-50-aniversario-de-la-upc\/\" class=\"_blank pt-cv-readmore btn btn-success\" target=\"_blank\">Read More<\/a><\/div><\/div><\/div><\/div>\n<div class=\"col-md-6 col-sm-6 col-xs-12 pt-cv-content-item pt-cv-1-col\" ><div class='pt-cv-ifield'><a href=\"https:\/\/www.citm.upc.edu\/blog\/participa-en-la-game-jam-por-los-objetivos-de-desarrollo-sostenible\/\" class=\"_blank pt-cv-href-thumbnail pt-cv-thumb-default\" target=\"_blank\" ><img loading=\"lazy\" decoding=\"async\" width=\"400\" height=\"270\" src=\"https:\/\/www.citm.upc.edu\/blog\/wp-content\/uploads\/2021\/01\/cabecera-jam-esp-400x270.jpg\" class=\"pt-cv-thumbnail\" alt=\"GAMEJAM ODS\" \/><\/a>\n<h4 class=\"pt-cv-title\"><a href=\"https:\/\/www.citm.upc.edu\/blog\/participa-en-la-game-jam-por-los-objetivos-de-desarrollo-sostenible\/\" class=\"_blank\" target=\"_blank\" >Game Jam por los Objetivos de Desarrollo Sostenible (ODS)<\/a><\/h4>\n<div class=\"pt-cv-content\">Los d\u00edas 4 y 5 de febrero se realizar\u00e1 en modalidad en l\u00ednea la Game Jam por los ODS (Objetivos ...<br \/><div class=\"pt-cv-rmwrap\"><a href=\"https:\/\/www.citm.upc.edu\/blog\/participa-en-la-game-jam-por-los-objetivos-de-desarrollo-sostenible\/\" class=\"_blank pt-cv-readmore btn btn-success\" target=\"_blank\">Read More<\/a><\/div><\/div><\/div><\/div>\n<div class=\"col-md-6 col-sm-6 col-xs-12 pt-cv-content-item pt-cv-1-col\" ><div class='pt-cv-ifield'><a href=\"https:\/\/www.citm.upc.edu\/blog\/exito-rotundo-de-la-3a-gran-citm-game-jam\/\" class=\"_blank pt-cv-href-thumbnail pt-cv-thumb-default\" target=\"_blank\" ><img loading=\"lazy\" decoding=\"async\" width=\"400\" height=\"270\" src=\"https:\/\/www.citm.upc.edu\/blog\/wp-content\/uploads\/2020\/01\/Participants_GameJam2020-400x270.jpg\" class=\"pt-cv-thumbnail\" alt=\"GameJam2020\" \/><\/a>\n<h4 class=\"pt-cv-title\"><a href=\"https:\/\/www.citm.upc.edu\/blog\/exito-rotundo-de-la-3a-gran-citm-game-jam\/\" class=\"_blank\" target=\"_blank\" >\u00a1\u00c9xito rotundo de la 3\u00aa Gran CITM Game Jam!<\/a><\/h4>\n<div class=\"pt-cv-content\">La 3\u00aa CITM Game Jam se ha celebrado entre los d\u00edas 21 y 22 de enero en el Centro, con ...<br \/><div class=\"pt-cv-rmwrap\"><a href=\"https:\/\/www.citm.upc.edu\/blog\/exito-rotundo-de-la-3a-gran-citm-game-jam\/\" class=\"_blank pt-cv-readmore btn btn-success\" target=\"_blank\">Read More<\/a><\/div><\/div><\/div><\/div><\/div><\/div><\/div>\n<p><strong>Twitter:<\/strong> <a title=\"@CitmJam\" href=\"https:\/\/twitter.com\/CitmJam\" target=\"_blank\" rel=\"noopener noreferrer\">@CitmJam<\/a><br \/>\n<strong>Instagram:<\/strong> <a title=\"@grancitmjam\" href=\"https:\/\/www.instagram.com\/grancitmjam\/\" target=\"_blank\" rel=\"noopener noreferrer\">@grancitmjam<\/a><\/p>\n","protected":false},"excerpt":{"rendered":"<p>La CITM Game Jam es una hackaton de videojuegos organizada por los estudiantes del Centro y dirigida a todos sus alumnos. Los participantes se organizan en equipos multidisciplinares de 4 \u00f3 5 personas (programadores, dise\u00f1adores, artistas) para competir en el desarrollo de un videojuego en 48 horas en las instalaciones del edificio TR12 de Terrassa, &#8230; <a title=\"PRESENTACI\u00d3N\" class=\"read-more\" href=\"https:\/\/www.citm.upc.edu\/blog\/presentacion\/\" aria-label=\"Read more about PRESENTACI\u00d3N\">Leer m\u00e1s<\/a><\/p>\n","protected":false},"author":1,"featured_media":0,"parent":0,"menu_order":0,"comment_status":"closed","ping_status":"closed","template":"","meta":{"footnotes":""},"class_list":["post-4454","page","type-page","status-publish"],"aioseo_notices":[],"_links":{"self":[{"href":"https:\/\/www.citm.upc.edu\/blog\/wp-json\/wp\/v2\/pages\/4454","targetHints":{"allow":["GET"]}}],"collection":[{"href":"https:\/\/www.citm.upc.edu\/blog\/wp-json\/wp\/v2\/pages"}],"about":[{"href":"https:\/\/www.citm.upc.edu\/blog\/wp-json\/wp\/v2\/types\/page"}],"author":[{"embeddable":true,"href":"https:\/\/www.citm.upc.edu\/blog\/wp-json\/wp\/v2\/users\/1"}],"replies":[{"embeddable":true,"href":"https:\/\/www.citm.upc.edu\/blog\/wp-json\/wp\/v2\/comments?post=4454"}],"version-history":[{"count":9,"href":"https:\/\/www.citm.upc.edu\/blog\/wp-json\/wp\/v2\/pages\/4454\/revisions"}],"predecessor-version":[{"id":6143,"href":"https:\/\/www.citm.upc.edu\/blog\/wp-json\/wp\/v2\/pages\/4454\/revisions\/6143"}],"wp:attachment":[{"href":"https:\/\/www.citm.upc.edu\/blog\/wp-json\/wp\/v2\/media?parent=4454"}],"curies":[{"name":"wp","href":"https:\/\/api.w.org\/{rel}","templated":true}]}}