{"id":4456,"date":"2020-07-20T11:45:06","date_gmt":"2020-07-20T09:45:06","guid":{"rendered":"https:\/\/www.citm.upc.edu\/blog\/?page_id=4456"},"modified":"2022-03-15T09:23:14","modified_gmt":"2022-03-15T08:23:14","slug":"presentacio","status":"publish","type":"page","link":"https:\/\/www.citm.upc.edu\/blog\/presentacio\/?lang=ca","title":{"rendered":"PRESENTACI\u00d3"},"content":{"rendered":"<p>La CITM Game Jam \u00e9s una <em>hackaton<\/em> de videojocs organitzada per l\u2019estudiantat del Centre i adre\u00e7ada a tots els seus alumnes. Els participants s\u2019organitzen en equips multidisciplinaris de 4 o 5 persones (programadors, dissenyadors, artistes) per competir en el desenvolupament d\u2019un videojoc en 48 hores a les instal\u00b7lacions de l\u2019edifici TR12 de Terrassa, seu del CITM.<\/p>\n<p>La iniciativa va comen\u00e7ar al gener de 2019 i des de llavors ja s\u2019han celebrat 5 edicions, amb una regularitat bianual i amb gran \u00e8xit de participaci\u00f3 i implicaci\u00f3 tant de l\u2019estudiantat com del professorat.<\/p>\n<p>Els CITM Game Jam compten amb 4 premis:<\/p>\n<ul>\n<li>Millor Joc<\/li>\n<li>Millor Art<\/li>\n<li>Millor Tecnologia<\/li>\n<li>Premi de la Votaci\u00f3 Popular<\/li>\n<\/ul>\n<p>Un jurat format per 3 professors del Centre decideix en cada edici\u00f3 quins s\u00f3n els projectes premiats.<\/p>\n<p><a data-flickr-embed='true' href='https:\/\/www.flickr.com\/photos\/citmupc\/albums\/72157712780898672' title='3\u00aa ed. Gran CITM Game Jam - 2020 by CITM_UPC, on Flickr'><img src='https:\/\/live.staticflickr.com\/65535\/49424117742_b3be64ca21_b.jpg' width='800' height='600' alt='gran citm game jam'><\/a><script async src='https:\/\/embedr.flickr.com\/assets\/client-code.js' charset='utf-8'><\/script><\/p>\n<h2><span style=\"color: #5fb9fd;\">Not\u00edcies relacionades:<\/span><\/h2>\n<div class=\"pt-cv-wrapper\"><div class=\"pt-cv-view pt-cv-grid pt-cv-colsys\" id=\"pt-cv-view-9ed4c68aek\"><div data-id=\"pt-cv-page-1\" class=\"pt-cv-page cv-npf\" data-cvc=\"2\"><div class=\"col-md-6 col-sm-6 col-xs-12 pt-cv-content-item pt-cv-1-col\" ><div class='pt-cv-ifield'><div class=\"pt-cv-no-post\">No se han encontrado entradas.<\/div><\/div><\/div><\/div><\/div><\/div>\n<p><strong>Twitter:<\/strong> <a title=\"@CitmJam\" href=\"https:\/\/twitter.com\/CitmJam\" target=\"_blank\" rel=\"noopener noreferrer\">@CitmJam<\/a><br \/>\n<strong>Instagram:<\/strong> <a title=\"@grancitmjam\" href=\"https:\/\/www.instagram.com\/grancitmjam\/\" target=\"_blank\" rel=\"noopener noreferrer\">@grancitmjam<\/a><\/p>\n","protected":false},"excerpt":{"rendered":"<p>La CITM Game Jam \u00e9s una hackaton de videojocs organitzada per l\u2019estudiantat del Centre i adre\u00e7ada a tots els seus alumnes. Els participants s\u2019organitzen en equips multidisciplinaris de 4 o 5 persones (programadors, dissenyadors, artistes) per competir en el desenvolupament d\u2019un videojoc en 48 hores a les instal\u00b7lacions de l\u2019edifici TR12 de Terrassa, seu del &#8230; <a title=\"PRESENTACI\u00d3\" class=\"read-more\" href=\"https:\/\/www.citm.upc.edu\/blog\/presentacio\/?lang=ca\" aria-label=\"Read more about PRESENTACI\u00d3\">Leer m\u00e1s<\/a><\/p>\n","protected":false},"author":1,"featured_media":0,"parent":0,"menu_order":0,"comment_status":"closed","ping_status":"closed","template":"","meta":{"footnotes":""},"class_list":["post-4456","page","type-page","status-publish"],"aioseo_notices":[],"_links":{"self":[{"href":"https:\/\/www.citm.upc.edu\/blog\/wp-json\/wp\/v2\/pages\/4456","targetHints":{"allow":["GET"]}}],"collection":[{"href":"https:\/\/www.citm.upc.edu\/blog\/wp-json\/wp\/v2\/pages"}],"about":[{"href":"https:\/\/www.citm.upc.edu\/blog\/wp-json\/wp\/v2\/types\/page"}],"author":[{"embeddable":true,"href":"https:\/\/www.citm.upc.edu\/blog\/wp-json\/wp\/v2\/users\/1"}],"replies":[{"embeddable":true,"href":"https:\/\/www.citm.upc.edu\/blog\/wp-json\/wp\/v2\/comments?post=4456"}],"version-history":[{"count":9,"href":"https:\/\/www.citm.upc.edu\/blog\/wp-json\/wp\/v2\/pages\/4456\/revisions"}],"predecessor-version":[{"id":6144,"href":"https:\/\/www.citm.upc.edu\/blog\/wp-json\/wp\/v2\/pages\/4456\/revisions\/6144"}],"wp:attachment":[{"href":"https:\/\/www.citm.upc.edu\/blog\/wp-json\/wp\/v2\/media?parent=4456"}],"curies":[{"name":"wp","href":"https:\/\/api.w.org\/{rel}","templated":true}]}}