{"id":6148,"date":"2022-03-15T09:51:01","date_gmt":"2022-03-15T08:51:01","guid":{"rendered":"https:\/\/www.citm.upc.edu\/blog\/?page_id=6148"},"modified":"2022-03-17T17:12:45","modified_gmt":"2022-03-17T16:12:45","slug":"5a-edicion-febrero-2022","status":"publish","type":"page","link":"https:\/\/www.citm.upc.edu\/blog\/5a-edicion-febrero-2022\/","title":{"rendered":"5\u00aa EDICI\u00d3N \u2013 FEBRERO 2022"},"content":{"rendered":"<p>La 5\u00aa CITM Game Jam se celebr\u00f3 entre los d\u00edas 2 y 6 de febrero de 2022, en modalidad virtual. En esta edici\u00f3n, el evento cont\u00f3 con la <strong> colaboraci\u00f3n especial del Ayuntamiento de Terrassa<\/strong>.<\/p>\n<p>En la 5\u00aa Gran CITM Jam han competido <strong>7 equipos<\/strong> distintos, con una media de 4 o 5 miembros por grupo. A lo largo de 4 d\u00edas, los participantes han sido capaces de investigar la tem\u00e1tica propuesta: el <strong>Modernismo Catal\u00e1n<\/strong>, y desarrollar un videojuego. El <em>kick-off<\/em> de este a\u00f1o tuvo lugar en un enclave muy especial para la tem\u00e1tica: la Masia Freixa de Terrassa. <\/p>\n<p>El jurado estuvo formado por <strong>C\u00e8lia P\u00e9rez<\/strong>, t\u00e9cnica de programas y coordinadora del programa Fira Modernista dentro del Ayuntamiento de Terrassa, <strong>Joan Pons<\/strong>, profesor de <em>game design<\/em> y <em>level design<\/em> en el CITM y <strong>Ricard Pillosu<\/strong>, antiguo profesor del CITM y director de tecnolog\u00eda en Smilegate. <\/p>\n<p>Proyectos premiados en la 5\u00aa edici\u00f3n de la CITM Game Jam:<\/p>\n<h2><span style=\"color: #5fb9fd;\">Premio Especial Ayuntamiento de Terrassa y Premio Mejor Juego: <\/span><\/h2>\n\n<div data-mode=\"normal\" data-oembed=\"1\" data-provider=\"vimeo\" id=\"arve-vimeo-688003834\" style=\"max-width:725px;\" class=\"arve\">\n\t<div class=\"arve-inner\">\n\t\t<div class=\"arve-embed arve-embed--has-aspect-ratio\">\n\t\t\t<div class=\"arve-ar\" style=\"padding-top:56.250000%\"><\/div>\n\t\t\t<iframe allow=\"accelerometer &#039;none&#039;;autoplay &#039;none&#039;;bluetooth &#039;none&#039;;browsing-topics &#039;none&#039;;camera &#039;none&#039;;clipboard-read &#039;none&#039;;clipboard-write;display-capture &#039;none&#039;;encrypted-media &#039;none&#039;;gamepad &#039;none&#039;;geolocation &#039;none&#039;;gyroscope &#039;none&#039;;hid &#039;none&#039;;identity-credentials-get &#039;none&#039;;idle-detection &#039;none&#039;;keyboard-map &#039;none&#039;;local-fonts;magnetometer &#039;none&#039;;microphone &#039;none&#039;;midi &#039;none&#039;;otp-credentials &#039;none&#039;;payment &#039;none&#039;;picture-in-picture;publickey-credentials-create &#039;none&#039;;publickey-credentials-get &#039;none&#039;;screen-wake-lock &#039;none&#039;;serial &#039;none&#039;;summarizer &#039;none&#039;;sync-xhr;usb &#039;none&#039;;web-share;window-management &#039;none&#039;;xr-spatial-tracking &#039;none&#039;;\" allowfullscreen=\"\" class=\"arve-iframe fitvidsignore\" credentialless data-arve=\"arve-vimeo-688003834\" data-lenis-prevent=\"\" data-src-no-ap=\"https:\/\/player.vimeo.com\/video\/688003834?dnt=1&amp;app_id=122963&amp;transparent=0&amp;title=1&amp;byline=0&amp;portrait=0&amp;autoplay=0\" frameborder=\"0\" height=\"407.8125\" loading=\"lazy\" name=\"\" referrerpolicy=\"strict-origin-when-cross-origin\" sandbox=\"allow-scripts allow-same-origin allow-presentation allow-popups allow-popups-to-escape-sandbox allow-forms\" scrolling=\"no\" src=\"https:\/\/player.vimeo.com\/video\/688003834?dnt=1&#038;app_id=122963&#038;transparent=0&#038;title=1&#038;byline=0&#038;portrait=0&#038;autoplay=0\" title=\"\" width=\"725\"><\/iframe>\n\t\t\t\n\t\t<\/div>\n\t\t\n\t<\/div>\n\t\n\t\n\t<script type=\"application\/ld+json\">{\"@context\":\"http:\\\/\\\/schema.org\\\/\",\"@id\":\"https:\\\/\\\/www.citm.upc.edu\\\/blog\\\/5a-edicion-febrero-2022\\\/#arve-vimeo-688003834\",\"type\":\"VideoObject\",\"embedURL\":\"https:\\\/\\\/player.vimeo.com\\\/video\\\/688003834?dnt=1&app_id=122963&transparent=0&title=1&byline=0&portrait=0&autoplay=0\"}<\/script>\n\t\n<\/div>\n<p><strong>Nombre juego:<\/strong> Freixa\u2019s Corruption<br \/>\n<strong>Equipo:<\/strong> Immarrels<br \/>\n<strong>Integrantes:<\/strong><\/p>\n<ul>\n<li><em>Gerard Romeu Vidal<\/em><\/li>\n<li><em>Pau Pedra Bonifacio<\/em><\/li>\n<li><em>Francisco Guerrero <\/em><\/li>\n<li><em>Adrian Mirabel Mart\u00ednez Vicente<\/em><\/li>\n<\/ul>\n<h2><span style=\"color: #5fb9fd;\">Premio Mejor Arte y Premio Votaci\u00f3n Popular: <\/span><\/h2>\n\n<div data-mode=\"normal\" data-oembed=\"1\" data-provider=\"vimeo\" id=\"arve-vimeo-688007688\" style=\"max-width:725px;\" class=\"arve\">\n\t<div class=\"arve-inner\">\n\t\t<div class=\"arve-embed arve-embed--has-aspect-ratio\">\n\t\t\t<div class=\"arve-ar\" style=\"padding-top:56.250000%\"><\/div>\n\t\t\t<iframe allow=\"accelerometer &#039;none&#039;;autoplay &#039;none&#039;;bluetooth &#039;none&#039;;browsing-topics &#039;none&#039;;camera &#039;none&#039;;clipboard-read &#039;none&#039;;clipboard-write;display-capture &#039;none&#039;;encrypted-media &#039;none&#039;;gamepad &#039;none&#039;;geolocation &#039;none&#039;;gyroscope &#039;none&#039;;hid &#039;none&#039;;identity-credentials-get &#039;none&#039;;idle-detection &#039;none&#039;;keyboard-map &#039;none&#039;;local-fonts;magnetometer &#039;none&#039;;microphone &#039;none&#039;;midi &#039;none&#039;;otp-credentials &#039;none&#039;;payment &#039;none&#039;;picture-in-picture;publickey-credentials-create &#039;none&#039;;publickey-credentials-get &#039;none&#039;;screen-wake-lock &#039;none&#039;;serial &#039;none&#039;;summarizer &#039;none&#039;;sync-xhr;usb &#039;none&#039;;web-share;window-management &#039;none&#039;;xr-spatial-tracking &#039;none&#039;;\" allowfullscreen=\"\" class=\"arve-iframe fitvidsignore\" credentialless data-arve=\"arve-vimeo-688007688\" data-lenis-prevent=\"\" data-src-no-ap=\"https:\/\/player.vimeo.com\/video\/688007688?dnt=1&amp;app_id=122963&amp;transparent=0&amp;title=1&amp;byline=0&amp;portrait=0&amp;autoplay=0\" frameborder=\"0\" height=\"407.8125\" loading=\"lazy\" name=\"\" referrerpolicy=\"strict-origin-when-cross-origin\" sandbox=\"allow-scripts allow-same-origin allow-presentation allow-popups allow-popups-to-escape-sandbox allow-forms\" scrolling=\"no\" src=\"https:\/\/player.vimeo.com\/video\/688007688?dnt=1&#038;app_id=122963&#038;transparent=0&#038;title=1&#038;byline=0&#038;portrait=0&#038;autoplay=0\" title=\"\" width=\"725\"><\/iframe>\n\t\t\t\n\t\t<\/div>\n\t\t\n\t<\/div>\n\t\n\t\n\t<script type=\"application\/ld+json\">{\"@context\":\"http:\\\/\\\/schema.org\\\/\",\"@id\":\"https:\\\/\\\/www.citm.upc.edu\\\/blog\\\/5a-edicion-febrero-2022\\\/#arve-vimeo-688007688\",\"type\":\"VideoObject\",\"embedURL\":\"https:\\\/\\\/player.vimeo.com\\\/video\\\/688007688?dnt=1&app_id=122963&transparent=0&title=1&byline=0&portrait=0&autoplay=0\"}<\/script>\n\t\n<\/div>\n<p><strong>Nombre juego:<\/strong> Outside<br \/>\n<strong>Equipo:<\/strong> \u00a0Songsilk<br \/>\n<strong>Integrantes:<\/strong><\/p>\n<ul>\n<li><em>Himar Bravo Gonz\u00e1lez<\/em><\/li>\n<li><em>Marc Pav\u00f3n Llop<\/em><\/li>\n<li><em>Judith Berenguer<\/em><\/li>\n<li><em>\u00d3scar Canales Villar <\/em><\/li>\n<li><em>Mario Hern\u00e1ndez Fern\u00e1ndez<\/em><\/li>\n<\/ul>\n<h2><span style=\"color: #5fb9fd;\">Premio Mejor Tecnolog\u00eda:<\/span><\/h2>\n\n<div data-mode=\"normal\" data-oembed=\"1\" data-provider=\"vimeo\" id=\"arve-vimeo-688012680\" style=\"max-width:725px;\" class=\"arve\">\n\t<div class=\"arve-inner\">\n\t\t<div class=\"arve-embed arve-embed--has-aspect-ratio\">\n\t\t\t<div class=\"arve-ar\" style=\"padding-top:56.250000%\"><\/div>\n\t\t\t<iframe allow=\"accelerometer &#039;none&#039;;autoplay &#039;none&#039;;bluetooth &#039;none&#039;;browsing-topics &#039;none&#039;;camera &#039;none&#039;;clipboard-read &#039;none&#039;;clipboard-write;display-capture &#039;none&#039;;encrypted-media &#039;none&#039;;gamepad &#039;none&#039;;geolocation &#039;none&#039;;gyroscope &#039;none&#039;;hid &#039;none&#039;;identity-credentials-get &#039;none&#039;;idle-detection &#039;none&#039;;keyboard-map &#039;none&#039;;local-fonts;magnetometer &#039;none&#039;;microphone &#039;none&#039;;midi &#039;none&#039;;otp-credentials &#039;none&#039;;payment &#039;none&#039;;picture-in-picture;publickey-credentials-create &#039;none&#039;;publickey-credentials-get &#039;none&#039;;screen-wake-lock &#039;none&#039;;serial &#039;none&#039;;summarizer &#039;none&#039;;sync-xhr;usb &#039;none&#039;;web-share;window-management &#039;none&#039;;xr-spatial-tracking &#039;none&#039;;\" allowfullscreen=\"\" class=\"arve-iframe fitvidsignore\" credentialless data-arve=\"arve-vimeo-688012680\" data-lenis-prevent=\"\" data-src-no-ap=\"https:\/\/player.vimeo.com\/video\/688012680?dnt=1&amp;app_id=122963&amp;transparent=0&amp;title=1&amp;byline=0&amp;portrait=0&amp;autoplay=0\" frameborder=\"0\" height=\"407.8125\" loading=\"lazy\" name=\"\" referrerpolicy=\"strict-origin-when-cross-origin\" sandbox=\"allow-scripts allow-same-origin allow-presentation allow-popups allow-popups-to-escape-sandbox allow-forms\" scrolling=\"no\" src=\"https:\/\/player.vimeo.com\/video\/688012680?dnt=1&#038;app_id=122963&#038;transparent=0&#038;title=1&#038;byline=0&#038;portrait=0&#038;autoplay=0\" title=\"\" width=\"725\"><\/iframe>\n\t\t\t\n\t\t<\/div>\n\t\t\n\t<\/div>\n\t\n\t\n\t<script type=\"application\/ld+json\">{\"@context\":\"http:\\\/\\\/schema.org\\\/\",\"@id\":\"https:\\\/\\\/www.citm.upc.edu\\\/blog\\\/5a-edicion-febrero-2022\\\/#arve-vimeo-688012680\",\"type\":\"VideoObject\",\"embedURL\":\"https:\\\/\\\/player.vimeo.com\\\/video\\\/688012680?dnt=1&app_id=122963&transparent=0&title=1&byline=0&portrait=0&autoplay=0\"}<\/script>\n\t\n<\/div>\n<p><strong>Nombre juego:<\/strong> Terraways<br \/>\n<strong>Equipo:<\/strong> Eff-Eff Team<br \/>\n<strong>Integrantes:<\/strong><\/p>\n<ul>\n<li><em>Sebastian Delgado Vargas<\/em><\/li>\n<li><em>Angel Gonz\u00e1lez Jim\u00e9nez<\/em><\/li>\n<li><em>Marc Ariza Alborni<\/em><\/li>\n<li><em>Pol Bosch Matesanz <\/em><\/li>\n<li><em>Francesc Xavier Mar\u00edn Sol\u00e0<\/em><\/li>\n<\/ul>\n","protected":false},"excerpt":{"rendered":"<p>La 5\u00aa CITM Game Jam se celebr\u00f3 entre los d\u00edas 2 y 6 de febrero de 2022, en modalidad virtual. En esta edici\u00f3n, el evento cont\u00f3 con la colaboraci\u00f3n especial del Ayuntamiento de Terrassa. En la 5\u00aa Gran CITM Jam han competido 7 equipos distintos, con una media de 4 o 5 miembros por grupo. &#8230; <a title=\"5\u00aa EDICI\u00d3N \u2013 FEBRERO 2022\" class=\"read-more\" href=\"https:\/\/www.citm.upc.edu\/blog\/5a-edicion-febrero-2022\/\" aria-label=\"Read more about 5\u00aa EDICI\u00d3N \u2013 FEBRERO 2022\">Leer m\u00e1s<\/a><\/p>\n","protected":false},"author":1,"featured_media":6146,"parent":0,"menu_order":0,"comment_status":"closed","ping_status":"closed","template":"","meta":{"footnotes":""},"class_list":["post-6148","page","type-page","status-publish","has-post-thumbnail"],"aioseo_notices":[],"_links":{"self":[{"href":"https:\/\/www.citm.upc.edu\/blog\/wp-json\/wp\/v2\/pages\/6148","targetHints":{"allow":["GET"]}}],"collection":[{"href":"https:\/\/www.citm.upc.edu\/blog\/wp-json\/wp\/v2\/pages"}],"about":[{"href":"https:\/\/www.citm.upc.edu\/blog\/wp-json\/wp\/v2\/types\/page"}],"author":[{"embeddable":true,"href":"https:\/\/www.citm.upc.edu\/blog\/wp-json\/wp\/v2\/users\/1"}],"replies":[{"embeddable":true,"href":"https:\/\/www.citm.upc.edu\/blog\/wp-json\/wp\/v2\/comments?post=6148"}],"version-history":[{"count":2,"href":"https:\/\/www.citm.upc.edu\/blog\/wp-json\/wp\/v2\/pages\/6148\/revisions"}],"predecessor-version":[{"id":6178,"href":"https:\/\/www.citm.upc.edu\/blog\/wp-json\/wp\/v2\/pages\/6148\/revisions\/6178"}],"wp:featuredmedia":[{"embeddable":true,"href":"https:\/\/www.citm.upc.edu\/blog\/wp-json\/wp\/v2\/media\/6146"}],"wp:attachment":[{"href":"https:\/\/www.citm.upc.edu\/blog\/wp-json\/wp\/v2\/media?parent=6148"}],"curies":[{"name":"wp","href":"https:\/\/api.w.org\/{rel}","templated":true}]}}