{"id":6745,"date":"2022-11-15T15:18:59","date_gmt":"2022-11-15T14:18:59","guid":{"rendered":"https:\/\/www.citm.upc.edu\/blog\/?page_id=6745"},"modified":"2025-11-19T10:37:43","modified_gmt":"2025-11-19T09:37:43","slug":"citm-students-community","status":"publish","type":"page","link":"https:\/\/www.citm.upc.edu\/blog\/citm-students-community\/","title":{"rendered":"CITM STUDENTS COMMUNITY"},"content":{"rendered":"<p>La <strong>CITM Students Community<\/strong> es una asociaci\u00f3n de estudiantes que tiene como objetivo reunir y organizar al alumnado para realizar eventos y dinamizar el centro. Es una iniciativa por y para alumnos fuera del \u00e1mbito curricular. Dentro de la CSC tenemos actividades como GRAFFIO, un concurso de ilustraci\u00f3n CITM, y la Game Jam.<\/p>\n<p><strong>GRAFFIO<\/strong> es un concurso de ilustraci\u00f3n llevado a cabo por la CITM Students Community cuya finalidad se centra en reforzar la cohesi\u00f3n del centro y fomentar y premiar la creatividad del alumnado a trav\u00e9s de proyectos fuera del \u00e1mbito acad\u00e9mico. Los trabajos de anteriores ediciones est\u00e1n expuestos en hall del centro.<\/p>\n<p>La Gran <strong>CITM Game Jam<\/strong> es una iniciativa creada y organizada por alumnado del Centro de la Imagen y la Tecnolog\u00eda Multimedia que consiste en un encuentro presencial de alumnos que tiene como prop\u00f3sito la creaci\u00f3n de uno o m\u00e1s videojuegos en un corto per\u00edodo de tiempo, normalmente entre 24 y 48 horas.<\/p>\n<p><strong>Twitter:<\/strong> <a title=\"@citmstudents\" href=\"https:\/\/twitter.com\/citmstudents\" target=\"_blank\" rel=\"noopener noreferrer\">@citmstudents<\/a><br \/>\n<strong>Instagram:<\/strong> <a title=\"@citm_students\" href=\"https:\/\/www.instagram.com\/citm_students\/\" target=\"_blank\" rel=\"noopener noreferrer\">@citm_students<\/a><\/p>\n","protected":false},"excerpt":{"rendered":"<p>La CITM Students Community es una asociaci\u00f3n de estudiantes que tiene como objetivo reunir y organizar al alumnado para realizar eventos y dinamizar el centro. Es una iniciativa por y para alumnos fuera del \u00e1mbito curricular. Dentro de la CSC tenemos actividades como GRAFFIO, un concurso de ilustraci\u00f3n CITM, y la Game Jam. GRAFFIO es &#8230; <a title=\"CITM STUDENTS COMMUNITY\" class=\"read-more\" href=\"https:\/\/www.citm.upc.edu\/blog\/citm-students-community\/\" aria-label=\"Read more about CITM STUDENTS COMMUNITY\">Leer m\u00e1s<\/a><\/p>\n","protected":false},"author":1,"featured_media":0,"parent":0,"menu_order":0,"comment_status":"closed","ping_status":"closed","template":"","meta":{"footnotes":""},"class_list":["post-6745","page","type-page","status-publish"],"aioseo_notices":[],"_links":{"self":[{"href":"https:\/\/www.citm.upc.edu\/blog\/wp-json\/wp\/v2\/pages\/6745","targetHints":{"allow":["GET"]}}],"collection":[{"href":"https:\/\/www.citm.upc.edu\/blog\/wp-json\/wp\/v2\/pages"}],"about":[{"href":"https:\/\/www.citm.upc.edu\/blog\/wp-json\/wp\/v2\/types\/page"}],"author":[{"embeddable":true,"href":"https:\/\/www.citm.upc.edu\/blog\/wp-json\/wp\/v2\/users\/1"}],"replies":[{"embeddable":true,"href":"https:\/\/www.citm.upc.edu\/blog\/wp-json\/wp\/v2\/comments?post=6745"}],"version-history":[{"count":2,"href":"https:\/\/www.citm.upc.edu\/blog\/wp-json\/wp\/v2\/pages\/6745\/revisions"}],"predecessor-version":[{"id":6777,"href":"https:\/\/www.citm.upc.edu\/blog\/wp-json\/wp\/v2\/pages\/6745\/revisions\/6777"}],"wp:attachment":[{"href":"https:\/\/www.citm.upc.edu\/blog\/wp-json\/wp\/v2\/media?parent=6745"}],"curies":[{"name":"wp","href":"https:\/\/api.w.org\/{rel}","templated":true}]}}