{"id":6747,"date":"2022-11-15T15:19:20","date_gmt":"2022-11-15T14:19:20","guid":{"rendered":"https:\/\/www.citm.upc.edu\/blog\/?page_id=6747"},"modified":"2022-11-15T16:42:14","modified_gmt":"2022-11-15T15:42:14","slug":"citm-students-community","status":"publish","type":"page","link":"https:\/\/www.citm.upc.edu\/blog\/citm-students-community\/?lang=ca","title":{"rendered":"CITM STUDENTS COMMUNITY"},"content":{"rendered":"<p>La <strong>CITM Students Community<\/strong> \u00e9s una associaci\u00f3 d&#8217;estudiants que t\u00e9 com a objectiu reunir i organitzar l&#8217;alumnat per fer esdeveniments i dinamitzar el centre. \u00c9s una iniciativa per i per a alumnes fora de l&#8217;\u00e0mbit curricular. Dins la CSC tenim activitats com ara GRAFFIO, un concurs d&#8217;il\u00b7lustraci\u00f3 CITM, i la Game Jam. <\/p>\n<p><strong>GRAFFIO<\/strong> \u00e9s un concurs d&#8217;il\u00b7lustraci\u00f3 dut a terme per la CITM Students Community, la finalitat del qual se centra a refor\u00e7ar la cohesi\u00f3 del centre i fomentar i premiar la creativitat de l&#8217;alumnat a trav\u00e9s de projectes fora de l&#8217;\u00e0mbit acad\u00e8mic. Els treballs d&#8217;edicions anteriors estan exposats al hall del centre. <\/p>\n<p>La Gran <strong>CITM Game Jam<\/strong> \u00e9s una iniciativa creada i organitzada per alumnat del Centre de la Imatge i la Tecnologia Multim\u00e8dia que consisteix en una trobada presencial d&#8217;alumnes que t\u00e9 com a prop\u00f2sit la creaci\u00f3 d&#8217;un videojoc o m\u00e9s en un curt per\u00edode de temps, normalment entre 24 i 48 hores.<\/p>\n<p><strong>Twitter:<\/strong> <a title=\"@citmstudents\" href=\"https:\/\/twitter.com\/citmstudents\" target=\"_blank\" rel=\"noopener noreferrer\">@citmstudents<\/a><br \/>\n<strong>Instagram:<\/strong> <a title=\"@citm_students\" href=\"https:\/\/www.instagram.com\/citm_students\/\" target=\"_blank\" rel=\"noopener noreferrer\">@citm_students<\/a><\/p>\n","protected":false},"excerpt":{"rendered":"<p>La CITM Students Community \u00e9s una associaci\u00f3 d&#8217;estudiants que t\u00e9 com a objectiu reunir i organitzar l&#8217;alumnat per fer esdeveniments i dinamitzar el centre. \u00c9s una iniciativa per i per a alumnes fora de l&#8217;\u00e0mbit curricular. Dins la CSC tenim activitats com ara GRAFFIO, un concurs d&#8217;il\u00b7lustraci\u00f3 CITM, i la Game Jam. GRAFFIO \u00e9s un &#8230; <a title=\"CITM STUDENTS COMMUNITY\" class=\"read-more\" href=\"https:\/\/www.citm.upc.edu\/blog\/citm-students-community\/?lang=ca\" aria-label=\"Read more about CITM STUDENTS COMMUNITY\">Leer m\u00e1s<\/a><\/p>\n","protected":false},"author":1,"featured_media":0,"parent":0,"menu_order":0,"comment_status":"closed","ping_status":"closed","template":"","meta":{"footnotes":""},"class_list":["post-6747","page","type-page","status-publish"],"aioseo_notices":[],"_links":{"self":[{"href":"https:\/\/www.citm.upc.edu\/blog\/wp-json\/wp\/v2\/pages\/6747","targetHints":{"allow":["GET"]}}],"collection":[{"href":"https:\/\/www.citm.upc.edu\/blog\/wp-json\/wp\/v2\/pages"}],"about":[{"href":"https:\/\/www.citm.upc.edu\/blog\/wp-json\/wp\/v2\/types\/page"}],"author":[{"embeddable":true,"href":"https:\/\/www.citm.upc.edu\/blog\/wp-json\/wp\/v2\/users\/1"}],"replies":[{"embeddable":true,"href":"https:\/\/www.citm.upc.edu\/blog\/wp-json\/wp\/v2\/comments?post=6747"}],"version-history":[{"count":2,"href":"https:\/\/www.citm.upc.edu\/blog\/wp-json\/wp\/v2\/pages\/6747\/revisions"}],"predecessor-version":[{"id":6778,"href":"https:\/\/www.citm.upc.edu\/blog\/wp-json\/wp\/v2\/pages\/6747\/revisions\/6778"}],"wp:attachment":[{"href":"https:\/\/www.citm.upc.edu\/blog\/wp-json\/wp\/v2\/media?parent=6747"}],"curies":[{"name":"wp","href":"https:\/\/api.w.org\/{rel}","templated":true}]}}