{"id":982,"date":"2014-07-04T14:03:28","date_gmt":"2014-07-04T12:03:28","guid":{"rendered":"http:\/\/www.citm.upc.edu\/blog\/?page_id=982"},"modified":"2020-07-20T11:42:30","modified_gmt":"2020-07-20T09:42:30","slug":"creative-citm","status":"publish","type":"page","link":"https:\/\/www.citm.upc.edu\/blog\/creative-citm\/","title":{"rendered":"CREATIVE CITM"},"content":{"rendered":"<p>El <strong>ciclo de conferencias Creative CITM <\/strong>te ofrece\u00a0a lo largo de todo el a\u00f1o acad\u00e9mico sesiones en abierto sobre los temas de especialidad del centro como la producci\u00f3n multimedia, la animaci\u00f3n y el arte digital o los videojuegos.<\/p>\n<p>A continuaci\u00f3n, se podr\u00e1 consultar todo el hist\u00f3rico de conferencias Creative CITM.<\/p>\n","protected":false},"excerpt":{"rendered":"<p>El ciclo de conferencias Creative CITM te ofrece\u00a0a lo largo de todo el a\u00f1o acad\u00e9mico sesiones en abierto sobre los temas de especialidad del centro como la producci\u00f3n multimedia, la animaci\u00f3n y el arte digital o los videojuegos. A continuaci\u00f3n, se podr\u00e1 consultar todo el hist\u00f3rico de conferencias Creative CITM.<\/p>\n","protected":false},"author":1,"featured_media":0,"parent":0,"menu_order":0,"comment_status":"closed","ping_status":"closed","template":"portfolio.php","meta":{"footnotes":""},"class_list":["post-982","page","type-page","status-publish"],"aioseo_notices":[],"_links":{"self":[{"href":"https:\/\/www.citm.upc.edu\/blog\/wp-json\/wp\/v2\/pages\/982","targetHints":{"allow":["GET"]}}],"collection":[{"href":"https:\/\/www.citm.upc.edu\/blog\/wp-json\/wp\/v2\/pages"}],"about":[{"href":"https:\/\/www.citm.upc.edu\/blog\/wp-json\/wp\/v2\/types\/page"}],"author":[{"embeddable":true,"href":"https:\/\/www.citm.upc.edu\/blog\/wp-json\/wp\/v2\/users\/1"}],"replies":[{"embeddable":true,"href":"https:\/\/www.citm.upc.edu\/blog\/wp-json\/wp\/v2\/comments?post=982"}],"version-history":[{"count":6,"href":"https:\/\/www.citm.upc.edu\/blog\/wp-json\/wp\/v2\/pages\/982\/revisions"}],"predecessor-version":[{"id":4511,"href":"https:\/\/www.citm.upc.edu\/blog\/wp-json\/wp\/v2\/pages\/982\/revisions\/4511"}],"wp:attachment":[{"href":"https:\/\/www.citm.upc.edu\/blog\/wp-json\/wp\/v2\/media?parent=982"}],"curies":[{"name":"wp","href":"https:\/\/api.w.org\/{rel}","templated":true}]}}